{"id":26128,"date":"2021-09-04T16:44:29","date_gmt":"2021-09-04T20:44:29","guid":{"rendered":"https:\/\/reedsumc.org\/?post_type=tribe_events&#038;p=26128"},"modified":"2021-09-04T16:48:53","modified_gmt":"2021-09-04T20:48:53","slug":"worship-for-september-5-2021","status":"publish","type":"tribe_events","link":"https:\/\/reedsumc.org\/index.php\/event\/worship-for-september-5-2021\/","title":{"rendered":"Worship for September 5, 2021"},"content":{"rendered":"<div class=\"row \"><div class=\"wpv-grid grid-1-1  wpv-first-level first unextended\" style=\"padding-top:0px;padding-bottom:0px\" id=\"wpv-column-92fffe1a34571204d2abae817f029f2b\" >\t\t<div class=\"sep-text single centered\">\n\t\t\t\t\t\t\t<span class=\"sep-text-before\"><div class=\"sep-text-line\"><\/div><\/span>\n\t\t\t\t\t\t<div class=\"content\">\n\t\t\t\t<h2 class=\"text-divider-double\">Seeing, Hearing, Leaping: Encouraging Words for a Discouraging Time\u2026<\/h2>\t\t\t<\/div>\n\t\t\t<span class=\"sep-text-after\"><div class=\"sep-text-line\"><\/div><\/span>\n\t\t\t\t\t<\/div>\n\t<div class=\"frame-fl\"><iframe src=\"https:\/\/youtube.com\/embed\/T5Mdr2nLw2M\" style=\"width:100%;height:600px\" seamless=\"seamless\"><\/iframe><\/div><\/div><\/div>\n<div class=\"row \"><div class=\"wpv-grid grid-1-1  wpv-first-level first unextended\" style=\"padding-top:0px;padding-bottom:0px\" id=\"wpv-column-7150fb578e9f036c4405478632367cd7\" ><div class=\"row \"><div class=\"wpv-grid grid-1-1  first unextended\" style=\"padding-top:0px;padding-bottom:0px\" id=\"wpv-column-4375273e2352edb7c65f1457a36fc401\" >\t\t<div class=\"sep-text single centered\">\n\t\t\t\t\t\t\t<span class=\"sep-text-before\"><div class=\"sep-text-line\"><\/div><\/span>\n\t\t\t\t\t\t<div class=\"content\">\n\t\t\t\t<h2 class=\"text-divider-double\">Seeing, Hearing, Leaping: Encouraging Words for a Discouraging Time\u2026<\/h2>\t\t\t<\/div>\n\t\t\t<span class=\"sep-text-after\"><div class=\"sep-text-line\"><\/div><\/span>\n\t\t\t\t\t<\/div>\n\t<p>Join us for worship as Rev Wesley Hall brings us a message from Isaiah 35:4-7a.<\/p>\n<p><strong>Sermon<\/strong>: &#8220;<a href=\"https:\/\/youtu.be\/T5Mdr2nLw2M\">Seeing, Hearing, Leaping: Encouraging Words for a Discouraging Time\u2026<\/a>&#8221;<\/p>\n<p><strong>Scripture<\/strong>: <a href=\"https:\/\/www.biblegateway.com\/passage\/?search=Isaiah+35%C2%A0%3A4-7a&#038;version=NRSV\">Isaiah 35 :4-7a<\/a><\/p>\n<p><strong>Prayer Concerns<\/strong> &#8211; Email your prayer concerns to <a href=\"mailto:whall@wnccumc.net\">Rev Wesley Hall<\/a><\/p>\n<p>Keep up with everything going on at our church by subscribing to our newsletter. <a href=\"http:\/\/eepurl.com\/cRUaer\">Click here<\/a>.<\/p>\n<p>Songs are done under CCLI Streaming License.<\/p>\n<p>Credits:<br \/>\nJoyful, Joyful, We adore thee &#8211; Youtube &#8211; Pilgo Live &#8211; https:\/\/www.youtube.com\/channel\/UCoRKh0rSahbU3-dtloCKbtQ<br \/>\nConcert of Europe Day 9 May 2018 at Union Hall Maribor<\/p>\n<p>Performers:<br \/>\n&#8211; Youth Choir of the First Gymnasium Maribor, conductors: Polona Meka O\u017einger and Maja Lutar<br \/>\n&#8211; Youth Choir II. Gymnasium Maribor, conductor: Viljem Babi\u010d<br \/>\n&#8211; Youth Choir III. Gymnasium Maribor, conductor: Jo\u017eica Lovren\u010di\u010d Lah<br \/>\n&#8211; The choir of the Gymnasium Ptuj, conductor: Nina Lorber<br \/>\n&#8211; Youth Choir of Conservatory for Music and Ballet Maribor, conductor: Peter Smoli\u010d Novak<br \/>\n&#8211; Choir of Anton Martin Martin Slom\u0161ek\u2019s diary choir, conductor: \u0160pela Dra\u0161ler<br \/>\n&#8211; International Choir of the project ERASMUS+ (Portugal, Lithuania, Latvia, Greece, Bulgaria and Slovenia), conductors: Viljem Babi\u010d and mag. Aleksander \u010con\u010d<br \/>\n&#8211; Brass Band Slovenia, conductor: mag. Aleksander \u010con\u010d<\/p>\n<p>This year, for the second consecutive time, the project in the framework of ERASMUS+ programmes was prepared, which was entitled \u201cEurope Sings Together\u201c or EST 18 in honour and support of the European idea, which fostered 73 years of peace and prosperity among the nations of the European Union.<br \/>\nLicense<br \/>\nCreative Commons Attribution license (reuse allowed)<\/div><\/div>\n<div class=\"sep\"><\/div>\n<div class=\"row \"><div class=\"wpv-grid grid-1-5  first unextended\" style=\"padding-top:0px;padding-bottom:0px\" id=\"wpv-column-93f8739f1782e3e9a28d546f3cefc4ba\" ><div class=\"team-member\">\n\t\t<div class=\"thumbnail\">\n\t\t\t\t\t<a href=\"\/\" title=\"Wesley Hall\">\n\t\t\t\t\t<img fetchpriority=\"high\" decoding=\"async\" width=\"306\" height=\"400\" src=\"https:\/\/reedsumc.org\/wp-content\/uploads\/2021\/07\/wesleyhall.jpg\" class=\"attachment-full size-full\" alt=\"Portrait of Wesley Hall\" srcset=\"https:\/\/reedsumc.org\/wp-content\/uploads\/2021\/07\/wesleyhall.jpg 306w, https:\/\/reedsumc.org\/wp-content\/uploads\/2021\/07\/wesleyhall-230x300.jpg 230w, https:\/\/reedsumc.org\/wp-content\/uploads\/2021\/07\/wesleyhall-262x342.jpg 262w\" sizes=\"(max-width: 306px) 100vw, 306px\" \/>\t\t\t\t\t<\/a>\n\t\t\t<\/div>\n\t\t<div class=\"team-member-info\">\n\t\t<h4>\n\t\t\t\t\t\t\t<a href=\"\/\" title=\"Wesley Hall\">\n\t\t\t\t\t\t\tWesley Hall\t\t\t\t\t\t\t<\/a>\n\t\t\t\t\t<\/h4>\n\t\t\t\t\t<h6 class=\"team-member-position\">Senior Pastor<\/h6>\n\t\t\t\t\t\t\t<div><a href=\"mailto:whall@wnccumc.net\" title=\"email Wesley Hall\">whall@wnccumc.net<\/a><\/div>\n\t\t\t\t\t\t<div class=\"share-icons clearfix\">\n\t\t\t\t\t\t\t\t<a href=\"\/\" title=\"\"><span class='icon shortcode  ' style=''>&#58150;<\/span><\/a>\n\t\t\t\t\t\t\t\t<a href=\"\/\" title=\"\"><span class='icon shortcode  ' style=''>&#58155;<\/span><\/a>\n\t\t\t\t\t\t\t\t<a href=\"\/\" title=\"\"><span class='icon shortcode  ' style=''>&#58159;<\/span><\/a>\n\t\t\t\t\t\t\t\t<a href=\"\/\" title=\"\"><span class='icon shortcode  ' style=''>&#58165;<\/span><\/a>\n\t\t\t\t\t\t\t\t<a href=\"\/\" title=\"\"><span class='icon shortcode  ' style=''>&#58158;<\/span><\/a>\n\t\t\t\t\t\t\t\t<a href=\"\/\" title=\"\"><span class='icon shortcode  ' style=''>&#58179;<\/span><\/a>\n\t\t\t\t\t\t\t\t<a href=\"\/\" title=\"\"><span class='icon shortcode  ' style=''>&#58167;<\/span><\/a>\n\t\t\t\t\t<\/div>\n\t<\/div>\n<\/div>\n<\/div><\/div><\/div><\/div>\n","protected":false},"excerpt":{"rendered":"<p>Join us for worship as Rev Wesley Hall brings us a message from Isaiah 35:4-7a.<\/p>\n","protected":false},"author":2,"featured_media":26125,"template":"","meta":{"_tribe_events_status":"","_tribe_events_status_reason":"","footnotes":""},"tags":[],"tribe_events_cat":[16],"class_list":["post-26128","tribe_events","type-tribe_events","status-publish","has-post-thumbnail","hentry","tribe_events_cat-worship","cat_worship"],"jetpack_sharing_enabled":true,"_links":{"self":[{"href":"https:\/\/reedsumc.org\/index.php\/wp-json\/wp\/v2\/tribe_events\/26128","targetHints":{"allow":["GET"]}}],"collection":[{"href":"https:\/\/reedsumc.org\/index.php\/wp-json\/wp\/v2\/tribe_events"}],"about":[{"href":"https:\/\/reedsumc.org\/index.php\/wp-json\/wp\/v2\/types\/tribe_events"}],"author":[{"embeddable":true,"href":"https:\/\/reedsumc.org\/index.php\/wp-json\/wp\/v2\/users\/2"}],"version-history":[{"count":1,"href":"https:\/\/reedsumc.org\/index.php\/wp-json\/wp\/v2\/tribe_events\/26128\/revisions"}],"predecessor-version":[{"id":26129,"href":"https:\/\/reedsumc.org\/index.php\/wp-json\/wp\/v2\/tribe_events\/26128\/revisions\/26129"}],"wp:featuredmedia":[{"embeddable":true,"href":"https:\/\/reedsumc.org\/index.php\/wp-json\/wp\/v2\/media\/26125"}],"wp:attachment":[{"href":"https:\/\/reedsumc.org\/index.php\/wp-json\/wp\/v2\/media?parent=26128"}],"wp:term":[{"taxonomy":"post_tag","embeddable":true,"href":"https:\/\/reedsumc.org\/index.php\/wp-json\/wp\/v2\/tags?post=26128"},{"taxonomy":"tribe_events_cat","embeddable":true,"href":"https:\/\/reedsumc.org\/index.php\/wp-json\/wp\/v2\/tribe_events_cat?post=26128"}],"curies":[{"name":"wp","href":"https:\/\/api.w.org\/{rel}","templated":true}]}}

<div class="row "><div class="wpv-grid grid-1-1  wpv-first-level first unextended" style="padding-top:0px;padding-bottom:0px" id="wpv-column-92fffe1a34571204d2abae817f029f2b" >		<div class="sep-text single centered">
							<span class="sep-text-before"><div class="sep-text-line"></div></span>
						<div class="content">
				<h2 class="text-divider-double">Seeing, Hearing, Leaping: Encouraging Words for a Discouraging Time…</h2>			</div>
			<span class="sep-text-after"><div class="sep-text-line"></div></span>
					</div>
	<div class="frame-fl"><iframe src="https://youtube.com/embed/T5Mdr2nLw2M" style="width:100%;height:600px" seamless="seamless"></iframe></div></div></div>
<div class="row "><div class="wpv-grid grid-1-1  wpv-first-level first unextended" style="padding-top:0px;padding-bottom:0px" id="wpv-column-7150fb578e9f036c4405478632367cd7" ><div class="row "><div class="wpv-grid grid-1-1  first unextended" style="padding-top:0px;padding-bottom:0px" id="wpv-column-4375273e2352edb7c65f1457a36fc401" >		<div class="sep-text single centered">
							<span class="sep-text-before"><div class="sep-text-line"></div></span>
						<div class="content">
				<h2 class="text-divider-double">Seeing, Hearing, Leaping: Encouraging Words for a Discouraging Time…</h2>			</div>
			<span class="sep-text-after"><div class="sep-text-line"></div></span>
					</div>
	<p>Join us for worship as Rev Wesley Hall brings us a message from Isaiah 35:4-7a.</p>
<p><strong>Sermon</strong>: &#8220;<a href="https://youtu.be/T5Mdr2nLw2M">Seeing, Hearing, Leaping: Encouraging Words for a Discouraging Time…</a>&#8221;</p>
<p><strong>Scripture</strong>: <a href="https://www.biblegateway.com/passage/?search=Isaiah+35%C2%A0%3A4-7a&#038;version=NRSV">Isaiah 35 :4-7a</a></p>
<p><strong>Prayer Concerns</strong> &#8211; Email your prayer concerns to <a href="mailto:whall@wnccumc.net">Rev Wesley Hall</a></p>
<p>Keep up with everything going on at our church by subscribing to our newsletter. <a href="http://eepurl.com/cRUaer">Click here</a>.</p>
<p>Songs are done under CCLI Streaming License.</p>
<p>Credits:<br />
Joyful, Joyful, We adore thee &#8211; Youtube &#8211; Pilgo Live &#8211; https://www.youtube.com/channel/UCoRKh0rSahbU3-dtloCKbtQ<br />
Concert of Europe Day 9 May 2018 at Union Hall Maribor</p>
<p>Performers:<br />
&#8211; Youth Choir of the First Gymnasium Maribor, conductors: Polona Meka Ožinger and Maja Lutar<br />
&#8211; Youth Choir II. Gymnasium Maribor, conductor: Viljem Babič<br />
&#8211; Youth Choir III. Gymnasium Maribor, conductor: Jožica Lovrenčič Lah<br />
&#8211; The choir of the Gymnasium Ptuj, conductor: Nina Lorber<br />
&#8211; Youth Choir of Conservatory for Music and Ballet Maribor, conductor: Peter Smolič Novak<br />
&#8211; Choir of Anton Martin Martin Slomšek’s diary choir, conductor: Špela Drašler<br />
&#8211; International Choir of the project ERASMUS+ (Portugal, Lithuania, Latvia, Greece, Bulgaria and Slovenia), conductors: Viljem Babič and mag. Aleksander Čonč<br />
&#8211; Brass Band Slovenia, conductor: mag. Aleksander Čonč</p>
<p>This year, for the second consecutive time, the project in the framework of ERASMUS+ programmes was prepared, which was entitled “Europe Sings Together“ or EST 18 in honour and support of the European idea, which fostered 73 years of peace and prosperity among the nations of the European Union.<br />
License<br />
Creative Commons Attribution license (reuse allowed)</div></div>
<div class="sep"></div>
<div class="row "><div class="wpv-grid grid-1-5  first unextended" style="padding-top:0px;padding-bottom:0px" id="wpv-column-93f8739f1782e3e9a28d546f3cefc4ba" ><div class="team-member">
		<div class="thumbnail">
					<a href="/" title="Wesley Hall">
					<img fetchpriority="high" decoding="async" width="306" height="400" src="https://reedsumc.org/wp-content/uploads/2021/07/wesleyhall.jpg" class="attachment-full size-full" alt="Portrait of Wesley Hall" srcset="https://reedsumc.org/wp-content/uploads/2021/07/wesleyhall.jpg 306w, https://reedsumc.org/wp-content/uploads/2021/07/wesleyhall-230x300.jpg 230w, https://reedsumc.org/wp-content/uploads/2021/07/wesleyhall-262x342.jpg 262w" sizes="(max-width: 306px) 100vw, 306px" />					</a>
			</div>
		<div class="team-member-info">
		<h4>
							<a href="/" title="Wesley Hall">
							Wesley Hall							</a>
					</h4>
					<h6 class="team-member-position">Senior Pastor</h6>
							<div><a href="mailto:whall@wnccumc.net" title="email Wesley Hall">whall@wnccumc.net</a></div>
						<div class="share-icons clearfix">
								<a href="/" title=""><span class='icon shortcode  ' style=''>&#58150;</span></a>
								<a href="/" title=""><span class='icon shortcode  ' style=''>&#58155;</span></a>
								<a href="/" title=""><span class='icon shortcode  ' style=''>&#58159;</span></a>
								<a href="/" title=""><span class='icon shortcode  ' style=''>&#58165;</span></a>
								<a href="/" title=""><span class='icon shortcode  ' style=''>&#58158;</span></a>
								<a href="/" title=""><span class='icon shortcode  ' style=''>&#58179;</span></a>
								<a href="/" title=""><span class='icon shortcode  ' style=''>&#58167;</span></a>
					</div>
	</div>
</div>
</div></div></div></div>
